 c?
3
Suppose 18*d - 3368 - 196 = 0. What is the hundreds digit of d?
1
Let w = 252 + -129. Suppose d + 86 = 4*q + 4*d, 5*q - w = 4*d. What is the units digit of q?
3
Let w be 22 - 1/(5/5). Let s = -10 + w. What is the units digit of s?
1
Suppose -5 = -3*b + 40. Let j = b - -113. What is the hundreds digit of j?
1
Suppose 0 = 3*f - c - 1, 4*f - 5*c + 17 = 0. Suppose -2*d - f*q = -408, -d + 212 = 4*q - 7*q. What is the units digit of d?
6
Suppose 4160 = -12*n + 16*n. What is the hundreds digit of n?
0
Let s = 2 + -1. Let b be s/(-1) - (-7 - 1). Suppose 20 = 4*h, -q + h + b = -0*h. What is the tens digit of q?
1
Let a = -436 - -1030. What is the units digit of a?
4
Let h(c) = -237*c - 43. What is the units digit of h(-4)?
5
Suppose -3*y + 62 = -m, -y = y + 3*m - 56. Suppose -518 - y = -6*l. Let h = l - 41. What is the units digit of h?
9
Let y(a) = -2*a**3 + 0*a - 5*a**2 - 6 - 7*a + 3*a**3 + 2*a. Let s be y(6). Suppose s = -5*h + 4*n + 4, 4 = -6*h + 2*h + 5*n. What is the units digit of h?
4
What is the units digit of 50/(-5) + 4 + 681?
5
Let n(s) = 312*s - 9. What is the units digit of n(3)?
7
Suppose -882 = -9*q + 297. Suppose 3*z + 15 = 0, 0 = -3*y + y + z + q. What is the units digit of y?
3
Suppose 2*k - 4*k - 3*q = 0, 4*q = -3*k. Suppose k = -l - 0*l + 21. Let g = l - 7. What is the tens digit of g?
1
Let f = 182 + 228. What is the hundreds digit of f?
4
Let z(q) = -9*q + 5. Suppose 9 = 3*w + 6. Let a = -4 + w. What is the units digit of z(a)?
2
Let c be (-8)/(-12)*(-60)/(-8). Let t(m) = m**3 - 7*m + 1. Let d be t(c). Let w = d - 33. What is the units digit of w?
8
Suppose -16*h = -19*h + 2613. What is the tens digit of h?
7
Let x be (((-3)/9)/1)/((-7)/42). Suppose -4*t + 576 = -b + 5*b, 3*t - 284 = -x*b. What is the tens digit of b?
4
Suppose n + 4*t + 8 = 0, -4*t - 16 = -n - 0*n. Suppose -n*m = 1 - 113. Suppose -46 = -3*p + v, m + 5 = 2*p - 3*v. What is the tens digit of p?
1
What is the tens digit of (139*2/(-6))/(63/(-756))?
5
Let a(s) be the first derivative of 19*s**5/60 + s**4/24 + s**3/6 - 3*s**2/2 - 2. Let g(m) be the second derivative of a(m). What is the tens digit of g(-1)?
1
Suppose -3*u - u = -64. Let n(w) = -w**2 + 17*w - 13. What is the units digit of n(u)?
3
Let z(b) = b**2 - 17*b + 7. Let k be z(16). Suppose -4*g = u + 44, -2*g + 33 = -5*g + 5*u. Let n = k - g. What is the units digit of n?
2
Suppose 1445*g - 1435*g = 28330. What is the hundreds digit of g?
8
Suppose 17*l + 5 = 18*l. Suppose -734 = v - 4*v + x, -l*v + 1235 = -4*x. What is the tens digit of v?
4
Let o = 96 + 53. Let p = o - 90. What is the tens digit of p?
5
Let v = 2361 - 805. What is the units digit of v?
6
Suppose -5*i = -i - 108. Let x = i - 3. Suppose 0 = 5*u - 4*u - x. What is the tens digit of u?
2
Suppose -6*n + 1709 + 2617 = 0. What is the units digit of n?
1
Let d be 5*((-124)/(-5))/4. What is the units digit of d/93*(-54)/(-2)?
9
Suppose 3*u - 21 + 6 = 0. Suppose n = u*c + 75 + 26, -4*c + 360 = 5*n. What is the units digit of n?
6
Let a(d) = d**3 + 12*d**2 + d - 13. Let p be a(-11). Suppose -p = 7*t - 412. What is the tens digit of t?
4
Let a(m) = 15*m**2 - 29*m + 127. What is the hundreds digit of a(16)?
5
Let j = -4760 - -7418. What is the thousands digit of j?
2
Suppose -6*t - 4*w = -4*t - 3452, -w = t - 1730. What is the hundreds digit of t?
7
Suppose -757 = -10*h + 2993. What is the units digit of h?
5
Let m(l) = -2*l + 10. Let p be m(3). What is the tens digit of (p + -8)*(-1 + -20)?
8
Let r(c) = 11*c**2 + 17*c + 8. Let h(y) = 4*y**2 + 6*y + 3. Let d(a) = -8*h(a) + 3*r(a). Let n be d(-3). Suppose n = x - 10 - 6. What is the units digit of x?
6
What is the units digit of (1095 - 24) + (-6)/1?
5
Let t = -20 + 32. Suppose t = -5*q - 13. What is the units digit of 3/q + (-1036)/(-35)?
9
Let b = 9 - 11. Let f be 9/(-6) - 337/b. Let i = f + -109. What is the units digit of i?
8
Let z(y) = 117*y**2 - 3*y + 68. What is the tens digit of z(-5)?
0
Suppose d + 3*d - 20 = 0. Suppose -9 = -d*t + 16. Suppose 5*g + 45 - 265 = -5*h, -2*h + 220 = t*g. What is the units digit of g?
4
Suppose k + 3375 = 10*k. Suppose 20*n - 25*n + k = 0. What is the units digit of n?
5
Let d(x) = 37*x**3 - 2*x**2 - 2*x + 6. Let u be d(3). Suppose 4*b = -5*l + 925, u = 3*b - 3*l + 321. Suppose b = 11*j - 6*j. What is the tens digit of j?
4
Let y = -11 + 13. Let j be ((-3)/2)/(y/8). What is the units digit of (-38)/j + 16/24?
7
Let z(q) = q**2 - 6*q + 1. Let p = -21 - -63. Suppose 5*y = 3 + p. What is the tens digit of z(y)?
2
Let r(p) = -2*p - 1. Let y be r(-4). Suppose -4*w + 16 = 4*a, -w + 2*w - 2 = 0. What is the units digit of (a + 36)/(y + -5)?
9
Let y(u) = 4*u**2 - 3*u + 4. Let w = -15 - -11. What is the tens digit of y(w)?
8
Suppose 2*s = -2*s - 380. Let k = -64 - s. Suppose -4*w - k = -3*a, 2*a - 2*w + 34 = 6*a. What is the units digit of a?
9
Suppose 19 = 3*x - 14. Suppose 576 = x*h + h. What is the tens digit of h?
4
Suppose -4*r + 7945 = -2*k + 1951, -3*k + 6009 = 4*r. What is the thousands digit of r?
1
Let n = 190 - 50. Suppose -2*l + n = -4*g, -2*l - 2*g = -29 - 129. What is the tens digit of l?
7
Let d be (-3410)/(-26) - (-26)/(-169). Let n = 75 + d. What is the tens digit of n?
0
Suppose 2*o - 449 = 5*y, -71 - 366 = -2*o + y. What is the hundreds digit of o?
2
Let a = -938 - -1564. What is the hundreds digit of a?
6
Let m(x) be the second derivative of 13*x**5/20 - x**4/12 + 2*x**3/3 - 3*x**2/2 - 5*x. Let u be m(2). What is the units digit of (u/30)/((-1)/(-4))?
4
Let l(a) = 10*a**2 + 23*a. What is the hundreds digit of l(5)?
3
Suppose 2*c - 118 = 468. Suppose 0 = -5*i + 4*g + c, 128 = 3*i - 3*g - 49. What is the tens digit of i?
5
Let k(d) = 3*d + 46. Let x be k(-15). What is the tens digit of (-264)/(-3)*1/x?
8
Let z(i) = 2*i - 17. Let x(b) = -b + 16. Let o(k) = -4*x(k) - 3*z(k). Suppose -24 = -16*h + 18*h. What is the tens digit of o(h)?
1
Let c = -1248 + 2612. What is the thousands digit of c?
1
Let v(s) = 26*s**2 + 7*s - 17. What is the hundreds digit of v(6)?
9
Let h = -8314 - -12918. What is the hundreds digit of h?
6
Let g be 18/4 - (-1)/(-2). Suppose -62 = g*i + 250. Let v = -29 - i. What is the tens digit of v?
4
Let k(q) = 4576*q**3 + q**2 + 3*q - 2. What is the tens digit of k(1)?
7
Suppose 6*n = 4*n + 1810. What is the units digit of n?
5
Suppose 5710 = 7*t + 1678. What is the hundreds digit of t?
5
Let z be 5/((-5)/(-2)) + 2. Suppose -3*c = z*i + 32, 9*i - 4*i - 2*c + 40 = 0. What is the units digit of (340/i)/5*-2?
7
What is the tens digit of 40/(-30)*-48 - 3*1?
6
Let c = 691 + -207. What is the hundreds digit of c?
4
Let k(d) = 8*d**2 + 2*d + 5. Let h(m) = -129*m**2 - 33*m - 81. Let c(o) = 2*h(o) + 33*k(o). What is the hundreds digit of c(5)?
1
Suppose -2*t = -26 - 78. Let u(w) = -w + 5. Let y be u(0). Suppose -y*a = -3*l + 152, 4*l = 3*l + 2*a + t. What is the tens digit of l?
4
Let y = 1704 + -1013. What is the tens digit of y?
9
Suppose 0 = 3*c - 13 - 14. Suppose -3*q = -r + q - 11, -q = r - c. Suppose -4*k + 60 = r*w - k, 2*w - 4*k = 50. What is the units digit of w?
5
Let z(p) = 39*p - 1. Let l(r) = 6*r - 3. Let w be l(1). Suppose -w*s = -2*s - 2. What is the units digit of z(s)?
7
Let j(w) = 15 + 13*w - 3*w + w**3 - 7 - 15*w**2. What is the hundreds digit of j(15)?
1
Let k(a) = -a. Suppose 2*o - 5 = 7. Suppose 2*i = o - 10. What is the units digit of k(i)?
2
Suppose 14736 = 15*a - 53499. What is the units digit of a?
9
Let t be (-9)/(-12) + (-15)/20. What is the tens digit of -23*(2 + -1 - t)*-1?
2
Let d = 57 - 45. Let a(l) = -l + 5*l - 3 + 9. What is the tens digit of a(d)?
5
Suppose u = 313 - 9. What is the tens digit of u?
0
Let b(o) = 10*o + 1. Let m be b(9). Let u be (-1)/(-4 - 1028/(-256)). Let n = u + m. What is the units digit of n?
7
Let v(r) = -2*r + 5. Let j be v(4). Let y be 14*(-2 - j/2). Let a(w) = w**2 + 3*w - 9. What is the tens digit of a(y)?
1
Let f(o) = o**2 + 3*o - 20. Let k be f(-6). Suppose -4*r - 34 + 314 = 0. What is the units digit of 1450/r + k/(-7)?
1
Let r(z) = -z**3 + 7*z**2 - 6*z + 4. Let f be r(6). Let d be 38/f - 6/(-12). Suppose -9*k + 4*k = -d. What is the units digit of k?
2
Let w = -106 - -48. Let y = -30 - w. What is the tens digit of y?
2
Let l be 13 + -1 + (6 - 3). Suppose z - l = -2*z. Suppose 